7388.
2, 3, 11, 43, 26113
What are the prime factors of 673385498?
2, 19, 17720671
What are the prime factors of 1787409169?
7, 13, 19641859
List the prime factors of 4369727911.
11149, 391939
List the prime factors of 1388018770.
2, 5, 138801877
What are the prime factors of 101242372?
2, 7, 11, 328709
List the prime factors of 5800845071.
7, 53, 15635701
List the prime factors of 3198180075.
3, 5, 42642401
What are the prime factors of 668590222?
2, 37, 9035003
List the prime factors of 486938119.
486938119
What are the prime factors of 1875138161?
13, 144241397
List the prime factors of 1289908252.
2, 17, 19, 998381
What are the prime factors of 3718079616?
2, 3, 9682499
List the prime factors of 1115146988.
2, 431, 646837
What are the prime factors of 26761604?
2, 17, 23, 71, 241
List the prime factors of 98591809.
457, 215737
List the prime factors of 2497679773.
2497679773
List the prime factors of 734892695.
5, 6379, 23041
List the prime factors of 1023690006.
2, 3, 6091, 9337
List the prime factors of 292987953.
3, 139, 234203
List the prime factors of 6548172297.
3, 5021, 434719
What are the prime factors of 864273396?
2, 3, 7, 10288969
List the prime factors of 49884472.
2, 11, 43, 13183
List the prime factors of 1927973200.
2, 5, 179, 26927
List the prime factors of 143231167.
149, 961283
What are the prime factors of 1152839764?
2, 23, 12530867
What are the prime factors of 4021234495?
5, 263, 1213, 2521
List the prime factors of 2051710730.
2, 5, 205171073
List the prime factors of 6595208.
2, 824401
What are the prime factors of 169643338?
2, 433, 195893
What are the prime factors of 627800519?
67, 599, 15643
List the prime factors of 56210834.
2, 59, 476363
What are the prime factors of 19097685?
3, 5, 397, 1069
List the prime factors of 32153188.
2, 17, 227, 2083
List the prime factors of 3246646484.
2, 811661621
List the prime factors of 2316328380.
2, 3, 5, 19, 401, 563
List the prime factors of 825843423.
3, 43, 6401887
What are the prime factors of 330211882?
2, 7, 11, 13, 23563
List the prime factors of 366629521.
366629521
What are the prime factors of 103272433?
11, 17, 552259
List the prime factors of 3154684166.
2, 1577342083
List the prime factors of 262944871.
7, 43, 873571
List the prime factors of 559328690.
2, 5, 79, 708011
What are the prime factors of 6120823984?
2, 11, 29, 557, 2153
What are the prime factors of 134574527?
179, 751813
What are the prime factors of 161527242?
2, 3, 4159, 6473
What are the prime factors of 1430697752?
2, 11, 2521, 6449
List the prime factors of 724185015.
3, 5, 23, 673, 3119
What are the prime factors of 1160405204?
2, 7, 523, 79241
What are the prime factors of 148699289?
17, 43, 203419
What are the prime factors of 21323756?
2, 523, 10193
List the prime factors of 2275055027.
7, 41, 271, 29251
What are the prime factors of 110029248?
2, 3, 7, 29, 941
What are the prime factors of 41236720?
2, 5, 7, 73637
List the prime factors of 212007740.
2, 5, 7, 727, 2083
What are the prime factors of 30803427?
3, 19, 180137
List the prime factors of 4630747953.
3, 13, 118737127
List the prime factors of 4471786.
2, 11, 181, 1123
List the prime factors of 348030947.
11, 31639177
List the prime factors of 83752773.
3, 13, 53, 40519
What are the prime factors of 1631416564?
2, 407854141
List the prime factors of 250380315.
3, 5, 113, 5471
What are the prime factors of 5056830525?
3, 5, 19, 1009, 3517
What are the prime factors of 1914727135?
5, 97, 3947891
What are the prime factors of 6400504?
2, 11, 72733
List the prime factors of 1404787622.
2, 7, 17, 311, 18979
List the prime factors of 3459618608.
2, 13693, 15791
List the prime factors of 2492249467.
89, 28002803
List the prime factors of 69905191.
3167, 22073
What are the prime factors of 8601895?
5, 1720379
What are the prime factors of 1175681968?
2, 73480123
List the prime factors of 50327682.
2, 3, 8387947
What are the prime factors of 132877467?
3, 139, 106217
List the prime factors of 211306392.
2, 3, 11, 266801
What are the prime factors of 876141225?
3, 5, 383, 3389
What are the prime factors of 33074660?
2, 5, 557, 2969
List the prime factors of 1659198547.
29, 57213743
What are the prime factors of 364792592?
2, 22799537
List the prime factors of 149064316.
2, 43, 866653
What are the prime factors of 8332713?
3, 53, 647
List the prime factors of 476390441.
659, 722899
What are the prime factors of 56719228?
2, 139, 102013
List the prime factors of 10629827.
13, 817679
List the prime factors of 480481321.
67, 199, 36037
List the prime factors of 26638360.
2, 5, 7, 13591
List the prime factors of 1848840690.
2, 3, 5, 61628023
What are the prime factors of 1145849079?
3, 17, 43, 401, 1303
What are the prime factors of 33477835?
5, 127, 52721
List the prime factors of 160183263.
3, 113, 131, 3607
What are the prime factors of 3770178058?
2, 1885089029
What are the prime factors of 2474685714?
2, 3, 443, 647, 1439
List the prime factors of 116111293.
116111293
What are the prime factors of 1609627341?
3, 7, 76648921
List the prime factors of 216232261.
7, 30890323
What are the prime factors of 153698225?
5, 47, 130807
What are the prime factors of 51078449?
83, 615403
What are the prime factors of 1208264021?
1327, 910523
What are the prime factors of 1235017648?
2, 77188603
What are the prime factors of 190817686?
2, 95408843
List the prime factors of 180191607.
3, 60063869
List the prime factors of 2342491.
19, 123289
What are the prime factors of 7727242512?
2, 3, 11, 149, 98221
What are the prime factors of 238375237?
238375237
List the prime factors of 763431885.
3, 5, 31, 20269
What are the prime factors of 113106749?
7, 61, 79, 479
List the prime factors of 3735729954.
2, 3, 11, 19, 577, 1721
List the prime factors of 5315038737.
3, 32609, 54331
List the prime factors of 101812561.
101812561
What are the prime factors of 267278315?
5, 53455663
List the prime factors of 136777003.
11, 47, 264559
What are the prime factors of 163430714?
2, 4283, 19079
What are the prime factors of 1804371972?
2, 3, 13, 491, 23557
What are the prime factors of 1125879080?
2, 5, 31, 907967
List the prime factors of 2002640911.
2002640911
List the prime factors of 160186072.
2, 20023259
What are the prime factors of 36362213?
233, 156061
What are the prime factors of 275241349?
29, 53, 131, 1367
List the prime factors of 107695187.
17, 6335011
What are the prime factors of 1962363444?
2, 3, 373, 438419
List the prime factors of 42478125.
3, 5, 23, 197
List the prime factors of 14006797.
7, 29, 9857
What are the prime factors of 109070852?
2, 11, 225353
List the prime factors of 649592902.
2, 7, 6628499
List the prime factors of 3117709582.
2, 13, 19, 43, 317, 463
What are the prime factors of 158873971?
158873971
List the prime factors of 617285965.
5, 19, 53, 122599
What are the prime factors of 30336887?
7, 43, 100787
List the prime factors of 2184223789.
11, 8737, 22727
List the prime factors of 3968751212.
2, 367, 1483, 1823
What are the prime factors of 494401868?
2, 101, 1223767
List the prime factors of 33997599.
3, 29, 130259
What are the prime factors of 13450454?
2, 491, 13697
What are the prime factors of 4658604919?
4658604919
What are the prime factors of 45176405?
5, 53, 227, 751
What are the prime factors of 162012309?
3, 1039, 51977
List the prime factors of 283018298.
2, 141509149
What are the prime factors of 626769093?
3, 19, 197, 55817
List the prime factors of 2225832826.
2, 7, 229, 694271
What are the prime factors of 7825491047?
11, 8867, 80231
What are the prime factors of 1651808119?
13, 127062163
What are the prime factors of 504904370?
2, 5, 3373, 14969
List the prime factors of 9243655.
5, 41, 67, 673
What are the prime factors of 137458064?
2, 8591129
What are the prime factors of 348492196?
2, 13, 37, 13933
List the prime factors of 1808632373.
2663, 679171
List the prime factors of 216694364.
2, 1709, 31699
What are the prime factors of 116695391?
29, 73, 199, 277
What are the prime factors of 23339163?
3, 19, 241, 1699
List the prime factors of 77611756.
2, 1063, 18253
What are the prime factors of 3722546616?
2, 3, 37, 157, 26701
What are the prime factors of 437314446?
2, 3, 41, 101, 5867
What are the prime 